se 8*y - 63413 = -9*y + 47767. Calculate the highest common divisor of 60 and y.
60
Let o(k) = 3*k**2 - 16*k + 13. Let f = 342 + -328. Let h be o(f). Calculate the greatest common factor of 26 and h.
13
Suppose 2 = -4*w + 14. Suppose w*s - 396 = -s. Let n(j) = -10*j + 3. Let v be n(-3). Calculate the greatest common factor of v and s.
33
Suppose -4*m + 5*g = -93446, 4*m + 3*g - 46734 = 2*m. Calculate the greatest common factor of 4 and m.
4
Let y(b) = 24*b**2 - 47 - 11 + 8*b - 4 - 21*b**2. Let u be y(-8). Calculate the greatest common factor of 30 and u.
6
Let i = -46 + 84. Suppose 0 = -4*x - 2*h + i, 3*h + 0*h = -4*x + 39. What is the greatest common divisor of 45 and x?
9
Let a(u) = -304*u - 109. Let t be a(-4). Calculate the highest common factor of t and 108.
27
Let p be ((-25996)/(-536))/(2 - 1/(188/374)). Calculate the highest common factor of 47 and p.
47
Let f be ((-8)/24)/(-1 - 15/(-18)). What is the highest common factor of 2426 and f?
2
Let a(i) = i**2 - 9*i + 1. Let p be a(10). Let m be p/1*(0 + 76/2). What is the highest common divisor of m and 38?
38
Let x = 2284 + -2184. What is the highest common factor of 425 and x?
25
Let t(a) be the second derivative of -a**4/12 - 19*a**3/6 - 5*a**2/2 - 2*a. Let j = 2922 + -2940. Let c be t(j). What is the greatest common factor of c and 39?
13
Let d = 11940 - 11364. What is the highest common factor of d and 42?
6
Let c = -22 + 61. Suppose 3*b = 2*b + 3*w + 360, -3*b = 5*w - 1038. Suppose b = -5*o + 8*o. Calculate the greatest common divisor of c and o.
39
Suppose 30*n + 63 - 213 = 0. Suppose n*y - 248 = -63. Suppose 0 = 5*s - 540 - 15. Calculate the highest common divisor of y and s.
37
Let h(i) be the first derivative of 5*i**2 - 45*i + 31. Let p be h(6). Let x be (-2)/4*(-270)/p. Calculate the highest common factor of 63 and x.
9
Suppose -4*m - w + 292 + 57 = 0, -3*m - 5*w = -283. Suppose 3*c + 4 = 10. What is the highest common divisor of m and c?
2
Let t = -138 + 139. Let y be 324401/231 + t/(-3). Calculate the highest common factor of y and 78.
78
Suppose -i - 5*i + 30 = 0. Let j be (-690)/(-35) + ((-40)/(-28))/i. What is the highest common factor of 540 and j?
20
Suppose 0 = -c + 3*c + 2*y - 908, 12 = -4*y. Suppose -c = -10*s + 663. Calculate the highest common divisor of s and 80.
16
Suppose 77 = -3*p + 35. Let w be 7/p*-2*17. What is the highest common divisor of 68 and w?
17
Let o be (2 - 87/6)*(-24)/30. Suppose -7*b = -6*b - o. Calculate the greatest common factor of 8 and b.
2
Let k(w) = 21*w + 24*w - 44*w + 2 - 10. Let f be k(11). What is the highest common divisor of f and 6?
3
Let p(k) = -4*k + 2. Let n be p(-8). Suppose -2*g + 382 = -4*l, -g + 3*l + 380 = g. Let z = g + -102. Calculate the highest common factor of n and z.
17
Let s(j) = 1062*j + 366. Let t be s(5). Calculate the highest common factor of 132 and t.
132
Suppose 19850 = 5*p + 5*b, -395*b + 399*b = 5*p - 19931. What is the highest common factor of 299 and p?
23
Let a(x) = -x**3 + 54*x**2 - 103*x - 40. Let p be a(52). What is the greatest common divisor of p and 591?
3
Let l be 2 + -1 + ((-15)/(-1))/5. Suppose 4*v = -2*u + 120, u + 112 = l*v - u. Suppose v*w = 30*w - 35. What is the highest common divisor of w and 5?
5
Let b = -60 - -19. Let l be (-3)/(-9) - b/3. What is the highest common factor of 322 and l?
14
Suppose -27 = -3*f - 3*r, 2*f - 2*r + 0*r = 26. Suppose 1344 = 4*l + 4*b, -4*b - 361 = -65*l + 64*l. Calculate the highest common factor of f and l.
11
Let f = 6330 - 6240. What is the greatest common divisor of 795 and f?
15
Let v(s) = s**3 + 124*s**2 + 362*s - 89. Let g be v(-121). Let d be (-6 - 0)/(-3)*4. Calculate the greatest common factor of d and g.
8
Suppose -10*c + 5*c = 265. Let l(o) = 2*o**3 + 17*o**2 - 2. Let s be l(-8). Let b = s + c. What is the greatest common factor of b and 171?
9
Suppose 4*k + 0*k + 72 = 0. Suppose j - 140 = 71*j. Let z be (13/j)/((k/4)/9). Calculate the greatest common factor of 104 and z.
13
Let x be (-25)/(-2)*(16 + -12). Let a(w) = -w**2 + 7*w - 9. Let l be a(6). Let m be 21 - (2 + l)/(-1). What is the highest common divisor of m and x?
10
Let t(y) = -y**2 + 5*y + 30. Let s be t(10). Let o be 98 + 0*4/s. What is the highest common factor of 28 and o?
14
Let r be (2/2)/(((-119)/(-784))/17). Calculate the greatest common factor of r and 7588.
28
Let o = -629 + 704. Suppose p - 16*p + o = 0. Suppose -27 - 53 = -j. What is the greatest common divisor of j and p?
5
Let m(q) = q**2 - 41*q + 44. Let t(j) = j**2 - 2*j. Let p(r) = -m(r) - t(r). Let g be p(20). Calculate the highest common divisor of g and 2.
2
Suppose -6*g + 26 = 14. Suppose -u + 108 = g*u - 5*i, -3*i - 180 = -5*u. What is the highest common divisor of 60 and u?
12
Suppose 342 = 5*k + 5*n + 37, 5*k - 5*n = 285. What is the greatest common divisor of 5192 and k?
59
Let j be -1 + (-127263)/(-9) + 22/33. Let d be j/98 - 2/7. What is the greatest common divisor of 9 and d?
9
Let p(j) = 176*j + 4243. Let w be p(-24). Suppose 10*n - 3*n = 2128. Calculate the highest common factor of w and n.
19
Let a(p) = -83*p**3 - 2. Let j be a(-1). Suppose -v = -10*v + 72. Let g(y) = y**2 - 3*y + 14. Let u be g(v). Calculate the greatest common divisor of u and j.
27
Let j = 335 - 257. Let k be ((-26)/4*16)/(26/(-13)). Calculate the greatest common divisor of j and k.
26
Suppose -67 = o - h, -4*o + 2*h = -8*o - 250. Let g = 464 - o. Calculate the greatest common divisor of 66 and g.
66
Let n(c) = c + 13. Suppose 5*l - 27 = -2, 5*g + 65 = 4*l. Let q be n(g). Let w be -2*(-1 + (-36)/(-8) + -4). What is the highest common factor of q and w?
1
Suppose 3025 + 3038 = 127*g - 795. What is the greatest common factor of 20466 and g?
54
Let j(o) = -7*o - 224. Let y be j(-39). Suppose -2*s = 3*b - y, -4*s + 3*b + 54 = -17. Calculate the highest common factor of s and 35.
5
Let f = -192 + 198. Let x be (-1 - 21/15)/(f/(-320)). Calculate the greatest common divisor of 4 and x.
4
Let d = -525 - -398. Let f = d - -155. What is the greatest common factor of f and 952?
28
Let p = 412 + -56. Suppose 2*u - b - 172 = 0, 4*u - p = 3*b + 2*b. Calculate the greatest common divisor of 105 and u.
21
Let n = 11194 - 9554. Calculate the highest common factor of n and 123.
41
Suppose 0 = 14641*f - 14646*f + 6960. What is the highest common factor of f and 48?
48
Suppose 39 = n + 47. Let q(r) = -r**2 - 20*r - 26. Let v be q(n). Let y = 62 + -27. Calculate the highest common factor of y and v.
35
Let y be (-4 + -4 + 6 - 3) + 5. Suppose y = 12*f - 8*f - 336. Let u = 22 - 10. What is the greatest common factor of f and u?
12
Suppose 91 = -0*g + 4*g + 3*s, -5*g - 4*s + 113 = 0. Let m(d) = -d + 37. Let i be m(g). Calculate the greatest common factor of i and 36.
12
Let w be 16*4/8 + 56/(-14) + 14. Calculate the highest common divisor of 23958 and w.
18
Let u be 51 + (656/410)/(2/(-10)). Calculate the highest common divisor of u and 4902.
43
Let w(g) = 5*g - 43. Let k be w(7). Let u(s) = 3*s + 60. Let n be u(k). What is the greatest common divisor of n and 54?
18
Let w(o) = 8*o**2 + 7*o + 6. Let y be w(-5). Let b(a) = -a**3 - 4*a**2 - 568*a - 2827. Let c be b(-5). What is the highest common divisor of c and y?
19
Let a(t) = 798*t + 8792. Let v be a(-11). What is the highest common factor of 344 and v?
2
Suppose -412 = 3*a - 424. Suppose -a*h + 220 = 76. Calculate the greatest common factor of 108 and h.
36
Suppose -130*c + 42536 = -21614 - 54150. What is the greatest common divisor of c and 230?
10
Suppose 3*v - 40 = 8. Let i = 107 - v. Suppose -2*d + i = 5*d. What is the highest common divisor of d and 104?
13
Suppose -j - 5*h + 37 = 0, 5*j - 4*h - 23 = 17. Let a be (-198)/(-77) - 16/28. Suppose -t - a = -j. Calculate the greatest common divisor of 5 and t.
5
Let w be (0 - (-40)/6)*3. Let d be 190 - (5/((-40)/32) - -4). What is the highest common factor of d and w?
10
Let j be 4/2 + 179 + -178. Suppose -96 = -q - 3*q. Calculate the greatest common divisor of j and q.
3
Let b = 817 + -798. What is the highest common divisor of b and 171?
19
Suppose -12*h - 46002 = 54*h - 164802. What is the greatest common factor of 4 and h?
4
Let p = 54 + 36. Let h = 520 - 283. Let q = h - 217. What is the highest common factor of q and p?
10
Let n = -12952 + 13000. Suppo